ctor of 90 and 61953315?
15
What is the highest common divisor of 51535947 and 1854?
309
What is the highest common divisor of 8800 and 46153360?
880
What is the highest common factor of 219030 and 1161306?
894
What is the highest common divisor of 380 and 71144246?
38
Calculate the highest common divisor of 1530074 and 39200.
98
Calculate the greatest common divisor of 3357 and 14265385.
373
What is the highest common divisor of 3111 and 1720749?
183
Calculate the highest common divisor of 2951864 and 430.
86
Calculate the highest common divisor of 8600 and 6246868.
172
Calculate the greatest common divisor of 1767 and 81975253.
589
Calculate the greatest common divisor of 1102 and 2092.
2
What is the greatest common divisor of 18510 and 883980?
30
What is the highest common factor of 1289630 and 15370?
290
Calculate the highest common divisor of 3702543 and 2085.
417
What is the highest common divisor of 3441 and 4090202?
1147
Calculate the highest common factor of 4482 and 1469681.
83
What is the highest common divisor of 2387203 and 2678?
13
What is the greatest common divisor of 235666630 and 719?
719
Calculate the highest common divisor of 18191881 and 2021.
43
What is the greatest common factor of 9949280 and 952?
8
What is the greatest common factor of 765 and 43210?
5
What is the highest common factor of 1701962 and 1649?
97
Calculate the greatest common factor of 39969 and 139576189.
4441
Calculate the highest common divisor of 130 and 892065434.
26
Calculate the greatest common factor of 1309658 and 1920742.
1346
What is the greatest common divisor of 111 and 2250537?
3
What is the highest common divisor of 29387645 and 1785?
595
Calculate the highest common factor of 91708 and 3411356.
908
Calculate the greatest common divisor of 902583 and 2871.
99
Calculate the highest common factor of 205674 and 3182718.
3486
Calculate the highest common divisor of 725 and 66046075.
25
Calculate the greatest common divisor of 2772 and 3864476.
308
Calculate the greatest common factor of 44998 and 37399.
149
What is the greatest common factor of 620 and 883800?
20
What is the highest common divisor of 1507206 and 174?
6
Calculate the greatest common divisor of 142 and 13376187.
71
What is the greatest common factor of 7860132 and 17472?
84
Calculate the greatest common factor of 7622 and 4201202.
74
What is the greatest common factor of 40448 and 258488?
632
What is the greatest common divisor of 8623886 and 4?
2
Calculate the highest common factor of 868 and 54461141.
217
Calculate the highest common factor of 210513 and 32289.
141
Calculate the greatest common divisor of 119835801 and 2697.
2697
Calculate the highest common divisor of 6296777 and 917.
131
What is the highest common divisor of 68 and 56388740?
4
Calculate the greatest common divisor of 45036 and 933444.
324
What is the greatest common divisor of 4957910 and 40?
10
What is the highest common divisor of 2820 and 277698936?
564
Calculate the greatest common divisor of 3314988 and 282.
6
What is the highest common factor of 986363 and 105?
7
Calculate the highest common divisor of 32464815 and 510.
255
Calculate the greatest common factor of 256 and 7313409280.
256
Calculate the greatest common factor of 106038 and 2236662.
2466
What is the highest common divisor of 1400 and 85617?
7
What is the greatest common factor of 15 and 1146588285?
15
Calculate the highest common factor of 40985549 and 22.
11
Calculate the greatest common factor of 432990 and 4522.
34
What is the greatest common factor of 510669254 and 66626?
9518
Calculate the highest common factor of 5439 and 27847680.
5439
What is the greatest common factor of 286029 and 31842?
549
Calculate the greatest common divisor of 23469542 and 21142.
1922
What is the greatest common divisor of 2808955 and 20?
5
What is the highest common factor of 1457 and 219990973?
1457
Calculate the greatest common divisor of 536 and 3972037112.
536
Calculate the greatest common divisor of 14386285 and 10.
5
Calculate the greatest common factor of 310 and 6147982.
62
What is the highest common divisor of 52922497 and 9985?
1997
Calculate the highest common divisor of 395552 and 33464.
376
Calculate the highest common divisor of 2452 and 129221626.
1226
Calculate the highest common factor of 82225 and 85215.
1495
Calculate the greatest common divisor of 1337045 and 5655.
145
Calculate the greatest common divisor of 40439110 and 1374.
458
What is the greatest common divisor of 11835 and 12783115?
1315
Calculate the highest common factor of 1175250948 and 3636.
1212
What is the highest common factor of 17 and 320546271?
17
What is the greatest common divisor of 19411689 and 112167?
3399
What is the highest common divisor of 753990 and 58848?
3678
Calculate the greatest common factor of 60785600 and 1000.
200
What is the greatest common factor of 252 and 21219716?
28
What is the greatest common divisor of 431368160 and 320?
160
What is the highest common divisor of 3224 and 1043036540?
1612
What is the greatest common factor of 2316 and 564?
12
What is the highest common divisor of 2688 and 2237811072?
2688
Calculate the highest common factor of 7 and 2427817.
7
Calculate the highest common divisor of 46852 and 15784262.
442
Calculate the greatest common divisor of 3328 and 64695808.
256
What is the highest common divisor of 2952 and 294903?
9
What is the highest common factor of 1 and 13181923?
1
Calculate the greatest common divisor of 233612904 and 210.
42
Calculate the greatest common factor of 4709 and 83742.
17
What is the greatest common factor of 82992 and 48279?
399
Calculate the highest common factor of 6342457 and 968.
121
Calculate the highest common divisor of 520 and 440024.
104
Calculate the greatest common divisor of 52450932 and 12.
12
Calculate the greatest common factor of 1820 and 304148.
52
Calculate the highest common divisor of 45508 and 54757134.
734
Calculate the highest common divisor of 5978 and 78568.
854
Calculate the greatest common factor of 110 and 149204440.
110
Calculate the greatest common factor of 497098810 and 5135.
5135
What is the highest common divisor of 175 and 169123675?
175
Calculate the greatest common factor of 142404786 and 666.
666
What is the greatest common factor of 3296 and 133215668?
412
What is the greatest common divisor of 188696541 and 1293?
1293
What is the greatest common divisor of 36 and 449949804?
12
What is the highest common factor of 14995 and 278559116?
2999
Calculate the greatest common factor of 3611707 and 1565.
313
Calculate the highest common factor of 63 and 52133823.
63
Calculate the highest common divisor of 8690803 and 22.
11
Calculate the greatest common divisor of 4113046 and 3204.
178
What is the greatest common divisor of 116513 and 775594?
1739
Calculate the greatest common divisor of 549560 and 1120.
40
What is the highest common divisor of 21885855 and 2241?
249
Calculate the highest common divisor of 42891 and 1815957.
51
What is the greatest common divisor of 203325004 and 228?
76
What is the greatest common factor of 3079650 and 87612?
294
Calculate the greatest common factor of 41616 and 2964562.
578
Calculate the highest common divisor of 10774 and 10294.
2
Calculate the highest common factor of 6466704 and 14925.
597
What is the highest common factor of 699194704 and 52?
52
What is the highest common factor of 57080718 and 9?
9
What is the greatest common divisor of 3482626 and 14?
14
What is the greatest common divisor of 13898797 and 2761?
11
Calculate the greatest common divisor of 85065048 and 4.
4
What is the greatest common divisor of 69331312 and 32?
16
Calculate the greatest common factor of 351970 and 91130.
10
What is the highest common factor of 6838209 and 1358?
679
Calculate the highest common factor of 37289360 and 4640.
2320
Calculate the greatest common divisor of 3136824 and 7866.
342
Calculate the greatest common factor of 1809158058 and 621.
621
What is the greatest common factor of 28952 and 123172336?
2632
Calculate the greatest common factor of 1969984 and 3064.
8
Calculate the highest common factor of 6342845 and 66865.
1555
Calculate the greatest common factor of 6 and 218106162.
6
What is the highest common divisor of 100971884 and